{"id":998,"date":"2019-02-13T10:27:14","date_gmt":"2019-02-13T09:27:14","guid":{"rendered":"http:\/\/vailly74.fr\/?page_id=998"},"modified":"2022-09-07T13:53:27","modified_gmt":"2022-09-07T11:53:27","slug":"declaration-prealable","status":"publish","type":"page","link":"https:\/\/vailly74.fr\/index.php\/urbanisme\/declaration-prealable\/","title":{"rendered":"D\u00e9claration pr\u00e9alable"},"content":{"rendered":"<p><span style=\"color: #000000;\">La d\u00e9claration pr\u00e9alable est un acte administratif qui donne les moyens \u00e0 l&rsquo;administration de v\u00e9rifier que votre projet de construction respecte bien les r\u00e8gles d&rsquo;urbanisme en vigueur (carte communale). Elle est g\u00e9n\u00e9ralement exig\u00e9e pour la r\u00e9alisation d&rsquo;am\u00e9nagement de faible importance.<\/span><\/p>\n<p><span style=\"color: #e81764;\"><strong>Travaux concern\u00e9s<img loading=\"lazy\" decoding=\"async\" class=\" wp-image-1894 alignright\" src=\"http:\/\/vailly74.fr\/wp-content\/uploads\/2019\/08\/urbanisme_2.png\" alt=\"\" width=\"238\" height=\"238\" srcset=\"https:\/\/vailly74.fr\/wp-content\/uploads\/2019\/08\/urbanisme_2.png 240w, https:\/\/vailly74.fr\/wp-content\/uploads\/2019\/08\/urbanisme_2-150x150.png 150w, https:\/\/vailly74.fr\/wp-content\/uploads\/2019\/08\/urbanisme_2-230x230.png 230w\" sizes=\"auto, (max-width: 238px) 100vw, 238px\" \/><\/strong><\/span><\/p>\n<ul>\n<li><span style=\"color: #000000;\">Cr\u00e9ation d&rsquo;une petite surface<\/span><\/li>\n<li><span style=\"color: #000000;\">Changement de destination<\/span><\/li>\n<li><span style=\"color: #000000;\">Modification de l&rsquo;aspect ext\u00e9rieur du b\u00e2timent<\/span><\/li>\n<\/ul>\n<p><span style=\"color: #e81764;\"><strong>Affichage de l\u2019autorisation d\u2019urbanisme sur le terrain<\/strong><\/span><\/p>\n<p><span style=\"color: #000000;\">Le b\u00e9n\u00e9ficiaire d&rsquo;une autorisation d&rsquo;urbanisme (pour un permis de construire, une d\u00e9claration pr\u00e9alable de travaux, <em>etc.<\/em>) doit afficher sur son terrain un extrait de cette autorisation. L&rsquo;affichage se fait gr\u00e2ce \u00e0 un panneau qui doit contenir imp\u00e9rativement certaines informations. Ce panneau doit \u00eatre affich\u00e9 pendant toute la dur\u00e9e des travaux. Il sert de point de d\u00e9part aux tiers pour contester l&rsquo;autorisation d&rsquo;urbanisme.<\/span><\/p>\n<p><span style=\"color: #e81764;\"><strong>D\u00e9claration attestant l&rsquo;ach\u00e8vement et la conformit\u00e9 des travaux (DAACT)<\/strong><\/span><\/p>\n<p><span style=\"color: #000000;\">Le titulaire d&rsquo;une autorisation d&rsquo;urbanisme (ou la personne qui a dirig\u00e9 les travaux, par exemple l&rsquo;architecte) doit adresser une <strong>d\u00e9claration attestant l&rsquo;ach\u00e8vement et la conformit\u00e9 des travaux (DAACT)<\/strong> \u00e0 la mairie pour signaler la fin des travaux. <\/span><strong><span style=\"color: #000000;\">Cette d\u00e9claration est obligatoire pour les travaux ayant fait l&rsquo;objet d&rsquo;un permis de construire ou d&rsquo;am\u00e9nager ou d&rsquo;un d\u00e9p\u00f4t d&rsquo;une d\u00e9claration pr\u00e9alable de travaux<\/span>.<\/strong><\/p>\n<blockquote>\n<p style=\"text-align: center;\"><span style=\"color: #000000;\"><strong>Plus d\u2019informations et documents CERFA t\u00e9l\u00e9chargeables sur :<\/strong><\/span><a href=\"https:\/\/www.formulaires.service-public.fr\/gf\/cerfa_13404.do\"><span style=\"color: #0000ff;\"> https:\/\/www.formulaires.service-public.fr\/gf\/cerfa_13404.do<\/span><\/a><\/p>\n<\/blockquote>\n","protected":false},"excerpt":{"rendered":"<p>La d\u00e9claration pr\u00e9alable est un acte administratif qui donne les moyens \u00e0 l&rsquo;administration de v\u00e9rifier que votre projet de construction respecte bien les r\u00e8gles d&rsquo;urbanisme en vigueur (carte communale). Elle est g\u00e9n\u00e9ralement exig\u00e9e pour la r\u00e9alisation d&rsquo;am\u00e9nagement de faible importance.<\/p>\n","protected":false},"author":1,"featured_media":0,"parent":648,"menu_order":1,"comment_status":"closed","ping_status":"closed","template":"","meta":{"_mi_skip_tracking":false,"footnotes":""},"class_list":["post-998","page","type-page","status-publish","hentry"],"_links":{"self":[{"href":"https:\/\/vailly74.fr\/index.php\/wp-json\/wp\/v2\/pages\/998","targetHints":{"allow":["GET"]}}],"collection":[{"href":"https:\/\/vailly74.fr\/index.php\/wp-json\/wp\/v2\/pages"}],"about":[{"href":"https:\/\/vailly74.fr\/index.php\/wp-json\/wp\/v2\/types\/page"}],"author":[{"embeddable":true,"href":"https:\/\/vailly74.fr\/index.php\/wp-json\/wp\/v2\/users\/1"}],"replies":[{"embeddable":true,"href":"https:\/\/vailly74.fr\/index.php\/wp-json\/wp\/v2\/comments?post=998"}],"version-history":[{"count":12,"href":"https:\/\/vailly74.fr\/index.php\/wp-json\/wp\/v2\/pages\/998\/revisions"}],"predecessor-version":[{"id":4542,"href":"https:\/\/vailly74.fr\/index.php\/wp-json\/wp\/v2\/pages\/998\/revisions\/4542"}],"up":[{"embeddable":true,"href":"https:\/\/vailly74.fr\/index.php\/wp-json\/wp\/v2\/pages\/648"}],"wp:attachment":[{"href":"https:\/\/vailly74.fr\/index.php\/wp-json\/wp\/v2\/media?parent=998"}],"curies":[{"name":"wp","href":"https:\/\/api.w.org\/{rel}","templated":true}]}}