{"id":996,"date":"2019-02-13T10:25:03","date_gmt":"2019-02-13T09:25:03","guid":{"rendered":"http:\/\/vailly74.fr\/?page_id=996"},"modified":"2022-09-07T14:08:59","modified_gmt":"2022-09-07T12:08:59","slug":"permis-de-demolir","status":"publish","type":"page","link":"https:\/\/vailly74.fr\/index.php\/urbanisme\/permis-de-demolir\/","title":{"rendered":"Permis de d\u00e9molir"},"content":{"rendered":"<p><span class=\"Style17\" style=\"color: #000000;\">Le permis de d\u00e9molir est utilis\u00e9 pour les projets de d\u00e9molition totale ou partielle d&rsquo;une construction prot\u00e9g\u00e9e ou situ\u00e9e dans un secteur prot\u00e9g\u00e9.<\/span><\/p>\n<p><span style=\"color: #000000;\">Un permis de d\u00e9molir est exig\u00e9 lorsque la construction dont la d\u00e9molition est envisag\u00e9e :<\/span><\/p>\n<ul>\n<li><span style=\"color: #000000;\">rel\u00e8ve d&rsquo;une protection particuli\u00e8re (par exemples, secteur prot\u00e9g\u00e9 par un plan local d&rsquo;urbanisme, secteur sauvegard\u00e9, b\u00e2timent inscrit au titre des monuments historiques),<\/span><\/li>\n<li><span style=\"color: #000000;\">ou est situ\u00e9e dans une commune o\u00f9 le conseil municipal a d\u00e9cid\u00e9 d&rsquo;instaurer le permis de d\u00e9molir. En effet, le permis de d\u00e9molir n&rsquo;est pas obligatoire dans toute la France.<\/span><\/li>\n<\/ul>\n<p><span class=\"Style17\" style=\"color: #e81764;\"><strong>Attention :\u00a0<\/strong><\/span><span style=\"color: #000000;\">Pour savoir pr\u00e9cis\u00e9ment si le projet de d\u00e9molition est soumis \u00e0 permis, il convient de se renseigner aupr\u00e8s de la mairie de la commune o\u00f9 est situ\u00e9e la construction.<\/span><\/p>\n<blockquote>\n<p style=\"text-align: center;\"><strong><span style=\"color: #000000;\">Plus d\u2019informations et documents CERFA t\u00e9l\u00e9chargeables sur<\/span> :\u00a0<\/strong><span style=\"color: #0000ff;\"><a style=\"color: #0000ff;\" href=\"https:\/\/www.formulaires.service-public.fr\/gf\/cerfa_13405.do\" target=\"_blank\" rel=\"noopener\">https:\/\/www.service-public.fr\/particuliers\/vosdroits\/N319<\/a><\/span><\/p>\n<\/blockquote>\n","protected":false},"excerpt":{"rendered":"<p>Le permis de d\u00e9molir est utilis\u00e9 pour les projets de d\u00e9molition totale ou partielle d&rsquo;une construction prot\u00e9g\u00e9e ou situ\u00e9e dans un secteur prot\u00e9g\u00e9. Un permis de d\u00e9molir est exig\u00e9 lorsque la construction dont la d\u00e9molition est envisag\u00e9e : rel\u00e8ve d&rsquo;une<\/p>\n","protected":false},"author":1,"featured_media":0,"parent":648,"menu_order":3,"comment_status":"closed","ping_status":"closed","template":"","meta":{"_mi_skip_tracking":false,"footnotes":""},"class_list":["post-996","page","type-page","status-publish","hentry"],"_links":{"self":[{"href":"https:\/\/vailly74.fr\/index.php\/wp-json\/wp\/v2\/pages\/996","targetHints":{"allow":["GET"]}}],"collection":[{"href":"https:\/\/vailly74.fr\/index.php\/wp-json\/wp\/v2\/pages"}],"about":[{"href":"https:\/\/vailly74.fr\/index.php\/wp-json\/wp\/v2\/types\/page"}],"author":[{"embeddable":true,"href":"https:\/\/vailly74.fr\/index.php\/wp-json\/wp\/v2\/users\/1"}],"replies":[{"embeddable":true,"href":"https:\/\/vailly74.fr\/index.php\/wp-json\/wp\/v2\/comments?post=996"}],"version-history":[{"count":7,"href":"https:\/\/vailly74.fr\/index.php\/wp-json\/wp\/v2\/pages\/996\/revisions"}],"predecessor-version":[{"id":4521,"href":"https:\/\/vailly74.fr\/index.php\/wp-json\/wp\/v2\/pages\/996\/revisions\/4521"}],"up":[{"embeddable":true,"href":"https:\/\/vailly74.fr\/index.php\/wp-json\/wp\/v2\/pages\/648"}],"wp:attachment":[{"href":"https:\/\/vailly74.fr\/index.php\/wp-json\/wp\/v2\/media?parent=996"}],"curies":[{"name":"wp","href":"https:\/\/api.w.org\/{rel}","templated":true}]}}