{"id":977,"date":"2019-02-13T10:10:33","date_gmt":"2019-02-13T09:10:33","guid":{"rendered":"http:\/\/vailly74.fr\/?page_id=977"},"modified":"2024-09-06T14:24:03","modified_gmt":"2024-09-06T12:24:03","slug":"cadastre","status":"publish","type":"page","link":"https:\/\/vailly74.fr\/index.php\/urbanisme\/cadastre\/","title":{"rendered":"PLUi-H"},"content":{"rendered":"<p><strong>PLUi-H<\/strong><\/p>\n<p>Le conseil communautaire, lors de sa r\u00e9union du 13 septembre 2022, a approuv\u00e9 le PLUI-H du Haut-Chablais lanc\u00e9 fin 2015. Celui-ci a ensuite \u00e9t\u00e9 modifi\u00e9 lors de la r\u00e9union du 28 mars 2023 afin de prendre en compte le recours gracieux de l\u2019Etat.<\/p>\n<p>Vous trouverez, via les liens ci-apr\u00e8s\u00a0:<\/p>\n<ul class=\"spip\">\n<li><a class=\"spip_in\" href=\"https:\/\/www.cc-hautchablais.fr\/IMG\/pdf\/127-_urbanisme_-_approbation_du_plui-h.pdf\" type=\"application\/pdf\">la d\u00e9lib\u00e9ration du conseil communautaire du 13 septembre 2022<\/a>,<\/li>\n<li><a class=\"spip_in\" href=\"https:\/\/www.cc-hautchablais.fr\/IMG\/pdf\/2023-024_deliberation_evolution_plui-h_28mars23-retourpref.pdf\" type=\"application\/pdf\">la d\u00e9lib\u00e9ration du conseil communautaire du 28 mars 2023<\/a>,<\/li>\n<li><a class=\"spip_out\" href=\"http:\/\/gofile.me\/2rrJi\/Nl2EEkx9D\" target=\"_blank\" rel=\"external noopener\">le dossier complet du PLUi-H approuv\u00e9<\/a>.<\/li>\n<\/ul>\n<p>NB\u00a0: en fonction de votre navigateur Internet et de son param\u00e9trage, vous risquez d\u2019avoir un message d\u2019avertissement de s\u00e9curit\u00e9 lors de l\u2019ouverture du lien de t\u00e9l\u00e9chargement. Si c\u2019est le cas, voici ce qu\u2019il convient de faire\u00a0:<\/p>\n<ul class=\"spip\">\n<li>Firefox\u00a0: il faut cliquer sur \u00ab\u00a0Avanc\u00e9\u00a0\u00bb puis sur \u00ab\u00a0Accepter le risque et poursuivre\u00a0\u00bb.<\/li>\n<li>Google Chrome\u00a0: il faut cliquer sur\u00a0\u00bb Param\u00e8tres avanc\u00e9s\u00a0\u00bb puis sur \u00ab\u00a0Continuer sur le site &#8230; \u00ab\u00a0<\/li>\n<li><\/li>\n<\/ul>\n<p><strong>PPRN \/PER<\/strong><\/p>\n<p>Un Plan d&rsquo;Exposition aux Risques Naturels a \u00e9t\u00e9 approuv\u00e9 par arr\u00eat\u00e9 pr\u00e9fectoral le 16\/04\/1987 et consultable le site de la Pr\u00e9fecture de la Haute-Savoie : <a href=\"http:\/\/www.haute-savoie.gouv.fr\/Politiques-publiques\/Prevenir-le-risque-et-se-proteger\/Risques-naturels\/Donnees-communales-PPRN\/Vailly\" target=\"_blank\" rel=\"noopener noreferrer\">http:\/\/www.haute-savoie.gouv.fr\/Politiques-publiques\/Prevenir-le-risque-et-se-proteger\/Risques-naturels\/Donnees-communales-PPRN\/Vailly<\/a><\/p>\n<p><img loading=\"lazy\" decoding=\"async\" class=\"aligncenter wp-image-1922 size-medium\" src=\"http:\/\/vailly74.fr\/wp-content\/uploads\/2019\/08\/85e83af210a29b8861efded21b4ae072d422e4a7-300x200.jpg\" alt=\"\" width=\"300\" height=\"200\" srcset=\"https:\/\/vailly74.fr\/wp-content\/uploads\/2019\/08\/85e83af210a29b8861efded21b4ae072d422e4a7-300x200.jpg 300w, https:\/\/vailly74.fr\/wp-content\/uploads\/2019\/08\/85e83af210a29b8861efded21b4ae072d422e4a7-768x512.jpg 768w, https:\/\/vailly74.fr\/wp-content\/uploads\/2019\/08\/85e83af210a29b8861efded21b4ae072d422e4a7-1024x683.jpg 1024w\" sizes=\"auto, (max-width: 300px) 100vw, 300px\" \/><\/p>\n","protected":false},"excerpt":{"rendered":"<p>PLUi-H Le conseil communautaire, lors de sa r\u00e9union du 13 septembre 2022, a approuv\u00e9 le PLUI-H du Haut-Chablais lanc\u00e9 fin 2015. Celui-ci a ensuite \u00e9t\u00e9 modifi\u00e9 lors de la r\u00e9union du 28 mars 2023 afin de prendre en compte le<\/p>\n","protected":false},"author":1,"featured_media":0,"parent":648,"menu_order":5,"comment_status":"closed","ping_status":"closed","template":"","meta":{"_mi_skip_tracking":false,"footnotes":""},"class_list":["post-977","page","type-page","status-publish","hentry"],"_links":{"self":[{"href":"https:\/\/vailly74.fr\/index.php\/wp-json\/wp\/v2\/pages\/977","targetHints":{"allow":["GET"]}}],"collection":[{"href":"https:\/\/vailly74.fr\/index.php\/wp-json\/wp\/v2\/pages"}],"about":[{"href":"https:\/\/vailly74.fr\/index.php\/wp-json\/wp\/v2\/types\/page"}],"author":[{"embeddable":true,"href":"https:\/\/vailly74.fr\/index.php\/wp-json\/wp\/v2\/users\/1"}],"replies":[{"embeddable":true,"href":"https:\/\/vailly74.fr\/index.php\/wp-json\/wp\/v2\/comments?post=977"}],"version-history":[{"count":9,"href":"https:\/\/vailly74.fr\/index.php\/wp-json\/wp\/v2\/pages\/977\/revisions"}],"predecessor-version":[{"id":5171,"href":"https:\/\/vailly74.fr\/index.php\/wp-json\/wp\/v2\/pages\/977\/revisions\/5171"}],"up":[{"embeddable":true,"href":"https:\/\/vailly74.fr\/index.php\/wp-json\/wp\/v2\/pages\/648"}],"wp:attachment":[{"href":"https:\/\/vailly74.fr\/index.php\/wp-json\/wp\/v2\/media?parent=977"}],"curies":[{"name":"wp","href":"https:\/\/api.w.org\/{rel}","templated":true}]}}