{"id":959,"date":"2019-02-12T16:26:21","date_gmt":"2019-02-12T15:26:21","guid":{"rendered":"http:\/\/vailly74.fr\/?page_id=959"},"modified":"2020-02-04T11:07:37","modified_gmt":"2020-02-04T10:07:37","slug":"marcel-jacquier","status":"publish","type":"page","link":"https:\/\/vailly74.fr\/index.php\/notre-commune\/artisans\/marcel-jacquier\/","title":{"rendered":"Marcel JACQUIER"},"content":{"rendered":"<p style=\"text-align: center;\"><span class=\"Style10\"><span style=\"color: #386eab;\"><strong>Marcel JACQUIER<\/strong><\/span><\/span><\/p>\n<p style=\"text-align: center;\"><span class=\"Style10\"><br \/>\n<\/span><span class=\"Style10\"><em><span class=\"Style22\">Pl\u00e2trerie &#8211; Peinture &#8211; D\u00e9coration int\u00e9rieur &#8211; Ravalement de fa\u00e7ades<\/span><\/em><br \/>\n156 route de L\u00e9r\u00e9 &#8211; Sous-la-C\u00f4te &#8211; 74470 VAILLY<\/span><br \/>\n<span class=\"Style39\">T\u00e9l : 04 50 73 84 01<\/span><br \/>\n<a href=\"mailto:marceljacquier@orange.fr\"><span class=\"Style22\">marceljacquier@orange.fr<\/span><\/a><\/p>\n<p><img loading=\"lazy\" decoding=\"async\" class=\"alignnone  wp-image-2438 aligncenter\" src=\"http:\/\/vailly74.fr\/wp-content\/uploads\/2020\/02\/PlatrierPeintre.jpg\" alt=\"\" width=\"216\" height=\"162\" srcset=\"https:\/\/vailly74.fr\/wp-content\/uploads\/2020\/02\/PlatrierPeintre.jpg 760w, https:\/\/vailly74.fr\/wp-content\/uploads\/2020\/02\/PlatrierPeintre-300x225.jpg 300w\" sizes=\"auto, (max-width: 216px) 100vw, 216px\" \/><\/p>\n","protected":false},"excerpt":{"rendered":"<p>Marcel JACQUIER Pl\u00e2trerie &#8211; Peinture &#8211; D\u00e9coration int\u00e9rieur &#8211; Ravalement de fa\u00e7ades 156 route de L\u00e9r\u00e9 &#8211; Sous-la-C\u00f4te &#8211; 74470 VAILLY T\u00e9l : 04 50 73 84 01 marceljacquier@orange.fr<\/p>\n","protected":false},"author":1,"featured_media":0,"parent":730,"menu_order":7,"comment_status":"closed","ping_status":"closed","template":"","meta":{"_mi_skip_tracking":false,"footnotes":""},"class_list":["post-959","page","type-page","status-publish","hentry"],"_links":{"self":[{"href":"https:\/\/vailly74.fr\/index.php\/wp-json\/wp\/v2\/pages\/959","targetHints":{"allow":["GET"]}}],"collection":[{"href":"https:\/\/vailly74.fr\/index.php\/wp-json\/wp\/v2\/pages"}],"about":[{"href":"https:\/\/vailly74.fr\/index.php\/wp-json\/wp\/v2\/types\/page"}],"author":[{"embeddable":true,"href":"https:\/\/vailly74.fr\/index.php\/wp-json\/wp\/v2\/users\/1"}],"replies":[{"embeddable":true,"href":"https:\/\/vailly74.fr\/index.php\/wp-json\/wp\/v2\/comments?post=959"}],"version-history":[{"count":4,"href":"https:\/\/vailly74.fr\/index.php\/wp-json\/wp\/v2\/pages\/959\/revisions"}],"predecessor-version":[{"id":2439,"href":"https:\/\/vailly74.fr\/index.php\/wp-json\/wp\/v2\/pages\/959\/revisions\/2439"}],"up":[{"embeddable":true,"href":"https:\/\/vailly74.fr\/index.php\/wp-json\/wp\/v2\/pages\/730"}],"wp:attachment":[{"href":"https:\/\/vailly74.fr\/index.php\/wp-json\/wp\/v2\/media?parent=959"}],"curies":[{"name":"wp","href":"https:\/\/api.w.org\/{rel}","templated":true}]}}