{"id":949,"date":"2019-02-12T16:21:23","date_gmt":"2019-02-12T15:21:23","guid":{"rendered":"http:\/\/vailly74.fr\/?page_id=949"},"modified":"2020-02-04T11:13:31","modified_gmt":"2020-02-04T10:13:31","slug":"sarl-les-melezes","status":"publish","type":"page","link":"https:\/\/vailly74.fr\/index.php\/notre-commune\/artisans\/sarl-les-melezes\/","title":{"rendered":"SARL Les M\u00e9l\u00e8zes"},"content":{"rendered":"<p><img loading=\"lazy\" decoding=\"async\" class=\"alignnone size-medium wp-image-951 aligncenter\" src=\"http:\/\/vailly74.fr\/wp-content\/uploads\/2019\/02\/bois-70-300x200.jpg\" alt=\"\" width=\"300\" height=\"200\" srcset=\"https:\/\/vailly74.fr\/wp-content\/uploads\/2019\/02\/bois-70-300x200.jpg 300w, https:\/\/vailly74.fr\/wp-content\/uploads\/2019\/02\/bois-70-768x513.jpg 768w, https:\/\/vailly74.fr\/wp-content\/uploads\/2019\/02\/bois-70-1024x683.jpg 1024w, https:\/\/vailly74.fr\/wp-content\/uploads\/2019\/02\/bois-70.jpg 1500w\" sizes=\"auto, (max-width: 300px) 100vw, 300px\" \/><\/p>\n<p style=\"text-align: center;\"><span style=\"color: #000000;\"><strong>SARL Les M\u00e9l\u00e8zes<\/strong><\/span><\/p>\n<p style=\"text-align: center;\"><span style=\"color: #000000;\"><em><span class=\"Style22\">Exploitation foresti\u00e8re et n\u00e9goce de bois<\/span><\/em><\/span><br \/>\n<span class=\"Style10\" style=\"color: #000000;\"><strong>Patrick BIDAL<\/strong><br \/>\n461 route des Charges &#8211; 74470 VAILLY<\/span><br \/>\n<span class=\"Style39\" style=\"color: #000000;\">T\u00e9l : 06 08 33 88 06<\/span><br \/>\n<span class=\"Style31\"><a href=\"mailto:lesmelezes74470@orange.fr\">lesmelezes74470@orange.fr<\/a><\/span><\/p>\n","protected":false},"excerpt":{"rendered":"<p>SARL Les M\u00e9l\u00e8zes Exploitation foresti\u00e8re et n\u00e9goce de bois Patrick BIDAL 461 route des Charges &#8211; 74470 VAILLY T\u00e9l : 06 08 33 88 06 lesmelezes74470@orange.fr<\/p>\n","protected":false},"author":1,"featured_media":0,"parent":730,"menu_order":9,"comment_status":"closed","ping_status":"closed","template":"","meta":{"_mi_skip_tracking":false,"footnotes":""},"class_list":["post-949","page","type-page","status-publish","hentry"],"_links":{"self":[{"href":"https:\/\/vailly74.fr\/index.php\/wp-json\/wp\/v2\/pages\/949","targetHints":{"allow":["GET"]}}],"collection":[{"href":"https:\/\/vailly74.fr\/index.php\/wp-json\/wp\/v2\/pages"}],"about":[{"href":"https:\/\/vailly74.fr\/index.php\/wp-json\/wp\/v2\/types\/page"}],"author":[{"embeddable":true,"href":"https:\/\/vailly74.fr\/index.php\/wp-json\/wp\/v2\/users\/1"}],"replies":[{"embeddable":true,"href":"https:\/\/vailly74.fr\/index.php\/wp-json\/wp\/v2\/comments?post=949"}],"version-history":[{"count":4,"href":"https:\/\/vailly74.fr\/index.php\/wp-json\/wp\/v2\/pages\/949\/revisions"}],"predecessor-version":[{"id":2444,"href":"https:\/\/vailly74.fr\/index.php\/wp-json\/wp\/v2\/pages\/949\/revisions\/2444"}],"up":[{"embeddable":true,"href":"https:\/\/vailly74.fr\/index.php\/wp-json\/wp\/v2\/pages\/730"}],"wp:attachment":[{"href":"https:\/\/vailly74.fr\/index.php\/wp-json\/wp\/v2\/media?parent=949"}],"curies":[{"name":"wp","href":"https:\/\/api.w.org\/{rel}","templated":true}]}}

SARL Les Mélèzes

<p><img loading="lazy" decoding="async" class="alignnone size-medium wp-image-951 aligncenter" src="http://vailly74.fr/wp-content/uploads/2019/02/bois-70-300x200.jpg" alt="" width="300" height="200" srcset="https://vailly74.fr/wp-content/uploads/2019/02/bois-70-300x200.jpg 300w, https://vailly74.fr/wp-content/uploads/2019/02/bois-70-768x513.jpg 768w, https://vailly74.fr/wp-content/uploads/2019/02/bois-70-1024x683.jpg 1024w, https://vailly74.fr/wp-content/uploads/2019/02/bois-70.jpg 1500w" sizes="auto, (max-width: 300px) 100vw, 300px" /></p>
<p style="text-align: center;"><span style="color: #000000;"><strong>SARL Les Mélèzes</strong></span></p>
<p style="text-align: center;"><span style="color: #000000;"><em><span class="Style22">Exploitation forestière et négoce de bois</span></em></span><br />
<span class="Style10" style="color: #000000;"><strong>Patrick BIDAL</strong><br />
461 route des Charges &#8211; 74470 VAILLY</span><br />
<span class="Style39" style="color: #000000;">Tél : 06 08 33 88 06</span><br />
<span class="Style31"><a href="mailto:lesmelezes74470@orange.fr">lesmelezes74470@orange.fr</a></span></p>

<p>SARL Les Mélèzes Exploitation forestière et négoce de bois Patrick BIDAL 461 route des Charges &#8211; 74470 VAILLY Tél : 06 08 33 88 06 lesmelezes74470@orange.fr</p>
