{"id":711,"date":"2019-02-08T11:27:02","date_gmt":"2019-02-08T10:27:02","guid":{"rendered":"http:\/\/vailly74.fr\/?page_id=711"},"modified":"2020-02-04T11:36:18","modified_gmt":"2020-02-04T10:36:18","slug":"creche-les-boutchou","status":"publish","type":"page","link":"https:\/\/vailly74.fr\/index.php\/enfance-et-jeunesse\/creche-les-boutchou\/","title":{"rendered":"Cr\u00e8che les Bout&rsquo;Chou"},"content":{"rendered":"<div class=\"crayon rubrique-texte-140 chapo\"><span style=\"color: #000000;\">La cr\u00e8che \u00ab Les Bout\u2019Chou du Brevon\u00a0\u00bb est une cr\u00e8che \u00e0 gestion associative.<\/span><\/div>\n<div class=\"crayon rubrique-texte-140 chapo\"><span style=\"color: #000000;\">Situ\u00e9e 891 route du Val d&rsquo;Hermone \u00e0 Vailly, pr\u00e8s de l&rsquo;\u00e9cole maternelle, la structure accueille environ 15 enfants \u00e2g\u00e9s de 2.5 mois \u00e0 4 ans. Il peut s&rsquo;agir d&rsquo;accueil r\u00e9gulier ou occasionnel.<\/span><\/div>\n<div class=\"crayon rubrique-texte-140 chapo\">\n<p><strong><br class=\"autobr\" \/><\/strong><strong><span style=\"color: #e81764;\">Jours et heures d\u2019ouverture\u00a0:<\/span><\/strong><\/p>\n<p><span style=\"color: #000000;\">Lundi, mardi, jeudi et vendredi de 7h30 \u00e0 18h30 ;<\/span><br \/>\n<span style=\"color: #000000;\">Mercredi de 8h00 \u00e0 18h00 ;<\/span><br \/>\n<span style=\"color: #000000;\">Fermeture annuelle\u00a0: du 18 avril au 22 avril \/ du 1er au 31 ao\u00fbt \/ du 24 d\u00e9cembre au 1er janvier.<\/span><\/p>\n<p><strong><u><br \/>\n<\/u><span style=\"color: #e81764;\">Contact :<\/span><\/strong><br class=\"autobr\" \/><span style=\"color: #000000;\">Directrice\u00a0: Marie-Jo YOUNES<em><br \/>\n<\/em>T\u00e9l : 04 50 73 19 17 \/ mail\u00a0: boutchoudubrevon@orange.fr<\/span><br \/>\n<span style=\"color: #000000;\">Adresse : 891 route du Val d\u2019Hermone &#8211; 74470 VAILLY.<\/span><\/p>\n<\/div>\n<p>&nbsp;<\/p>\n<p style=\"text-align: center;\"><span style=\"color: #e81764;\">Pour t\u00e9l\u00e9charger le r\u00e8glement int\u00e9rieur de la cr\u00e8che, <em><a href=\"http:\/\/www.cc-hautchablais.fr\/IMG\/pdf\/2016_reglement_les_bout_chou_du_brevon.pdf\" target=\"_blank\" rel=\"noopener\">cliquez ici<\/a><\/em><\/span><\/p>\n","protected":false},"excerpt":{"rendered":"<p>La cr\u00e8che \u00ab Les Bout\u2019Chou du Brevon\u00a0\u00bb est une cr\u00e8che \u00e0 gestion associative. Situ\u00e9e 891 route du Val d&rsquo;Hermone \u00e0 Vailly, pr\u00e8s de l&rsquo;\u00e9cole maternelle, la structure accueille environ 15 enfants \u00e2g\u00e9s de 2.5 mois \u00e0 4 ans. Il peut<\/p>\n","protected":false},"author":1,"featured_media":0,"parent":179,"menu_order":6,"comment_status":"closed","ping_status":"closed","template":"","meta":{"_mi_skip_tracking":false,"footnotes":""},"class_list":["post-711","page","type-page","status-publish","hentry"],"_links":{"self":[{"href":"https:\/\/vailly74.fr\/index.php\/wp-json\/wp\/v2\/pages\/711","targetHints":{"allow":["GET"]}}],"collection":[{"href":"https:\/\/vailly74.fr\/index.php\/wp-json\/wp\/v2\/pages"}],"about":[{"href":"https:\/\/vailly74.fr\/index.php\/wp-json\/wp\/v2\/types\/page"}],"author":[{"embeddable":true,"href":"https:\/\/vailly74.fr\/index.php\/wp-json\/wp\/v2\/users\/1"}],"replies":[{"embeddable":true,"href":"https:\/\/vailly74.fr\/index.php\/wp-json\/wp\/v2\/comments?post=711"}],"version-history":[{"count":11,"href":"https:\/\/vailly74.fr\/index.php\/wp-json\/wp\/v2\/pages\/711\/revisions"}],"predecessor-version":[{"id":2450,"href":"https:\/\/vailly74.fr\/index.php\/wp-json\/wp\/v2\/pages\/711\/revisions\/2450"}],"up":[{"embeddable":true,"href":"https:\/\/vailly74.fr\/index.php\/wp-json\/wp\/v2\/pages\/179"}],"wp:attachment":[{"href":"https:\/\/vailly74.fr\/index.php\/wp-json\/wp\/v2\/media?parent=711"}],"curies":[{"name":"wp","href":"https:\/\/api.w.org\/{rel}","templated":true}]}}

Crèche les Bout&rsquo;Chou

<div class="crayon rubrique-texte-140 chapo"><span style="color: #000000;">La crèche « Les Bout’Chou du Brevon » est une crèche à gestion associative.</span></div>
<div class="crayon rubrique-texte-140 chapo"><span style="color: #000000;">Située 891 route du Val d&rsquo;Hermone à Vailly, près de l&rsquo;école maternelle, la structure accueille environ 15 enfants âgés de 2.5 mois à 4 ans. Il peut s&rsquo;agir d&rsquo;accueil régulier ou occasionnel.</span></div>
<div class="crayon rubrique-texte-140 chapo">
<p><strong><br class="autobr" /></strong><strong><span style="color: #e81764;">Jours et heures d’ouverture :</span></strong></p>
<p><span style="color: #000000;">Lundi, mardi, jeudi et vendredi de 7h30 à 18h30 ;</span><br />
<span style="color: #000000;">Mercredi de 8h00 à 18h00 ;</span><br />
<span style="color: #000000;">Fermeture annuelle : du 18 avril au 22 avril / du 1er au 31 août / du 24 décembre au 1er janvier.</span></p>
<p><strong><u><br />
</u><span style="color: #e81764;">Contact :</span></strong><br class="autobr" /><span style="color: #000000;">Directrice : Marie-Jo YOUNES<em><br />
</em>Tél : 04 50 73 19 17 / mail : boutchoudubrevon@orange.fr</span><br />
<span style="color: #000000;">Adresse : 891 route du Val d’Hermone &#8211; 74470 VAILLY.</span></p>
</div>
<p>&nbsp;</p>
<p style="text-align: center;"><span style="color: #e81764;">Pour télécharger le règlement intérieur de la crèche, <em><a href="http://www.cc-hautchablais.fr/IMG/pdf/2016_reglement_les_bout_chou_du_brevon.pdf" target="_blank" rel="noopener">cliquez ici</a></em></span></p>

<p>La crèche « Les Bout’Chou du Brevon » est une crèche à gestion associative. Située 891 route du Val d&rsquo;Hermone à Vailly, près de l&rsquo;école maternelle, la structure accueille environ 15 enfants âgés de 2.5 mois à 4 ans. Il peut</p>
