{"id":698,"date":"2019-02-08T11:17:10","date_gmt":"2019-02-08T10:17:10","guid":{"rendered":"http:\/\/vailly74.fr\/?page_id=698"},"modified":"2025-07-28T15:39:01","modified_gmt":"2025-07-28T13:39:01","slug":"e","status":"publish","type":"page","link":"https:\/\/vailly74.fr\/index.php\/enfance-et-jeunesse\/e\/","title":{"rendered":"Ecole \u00e9l\u00e9mentaire"},"content":{"rendered":"<p>Pour l&rsquo;ann\u00e9e scolaire 2025\/2026, une soixantaine d&rsquo;enfants fr\u00e9quente l\u2019\u00e9cole \u00e9l\u00e9mentaire du Chef Lieu, les lundis, mardis, jeudis et vendredis de 8h30 \u00e0 12h00 puis de 13h45 \u00e0 16h15.<\/p>\n<p><img decoding=\"async\" class=\"aligncenter\" src=\"http:\/\/vailly74.fr\/wp-content\/uploads\/2019\/10\/ecole-300x163.jpg\" \/><\/p>\n<p>Les enseignantes :<\/p>\n<p><b><i><\/i><\/b>&#8211; Mme Mathilde Richard, directrice de l\u2019\u00e9cole, a en charge les CM1 et CM2 ;<br \/>\n&#8211; Mme Christelle Meynet s\u2019occupe des CP et CE1 ;<br \/>\n&#8211; Mme Christine Desclo\u00eetres se chargent des CE1-CE2.<\/p>\n<p><strong>Informations sur la rentr\u00e9e 2025\/2026 : <a href=\"http:\/\/vailly74.fr\/wp-content\/uploads\/2025\/07\/Note-rentree-elementaire-2025.pdf\"><span style=\"color: #0000ff;\"><em>cliquez ici\u00a0<\/em><\/span><\/a><\/strong><\/p>\n<h5 style=\"text-align: center;\"><strong><span style=\"color: #e81764;\">\u2013 Contact \u2013<\/span><br \/>\n<\/strong><\/h5>\n<p style=\"text-align: center;\"><span style=\"color: #386eab;\"><em>Ecole \u00e9l\u00e9mentaire publique<\/em><\/span><br \/>\n3 Route de Thonon\u2013 74470 Vailly<br \/>\nT\u00e9l : 04 50 73 86 76 \/ Mail : ce.0740888n@ac-grenoble.fr<\/p>\n","protected":false},"excerpt":{"rendered":"<p>Pour l&rsquo;ann\u00e9e scolaire 2025\/2026, une soixantaine d&rsquo;enfants fr\u00e9quente l\u2019\u00e9cole \u00e9l\u00e9mentaire du Chef Lieu, les lundis, mardis, jeudis et vendredis de 8h30 \u00e0 12h00 puis de 13h45 \u00e0 16h15. Les enseignantes : &#8211; Mme Mathilde Richard, directrice de l\u2019\u00e9cole, a en<\/p>\n","protected":false},"author":1,"featured_media":0,"parent":179,"menu_order":2,"comment_status":"closed","ping_status":"closed","template":"","meta":{"_mi_skip_tracking":false,"footnotes":""},"class_list":["post-698","page","type-page","status-publish","hentry"],"_links":{"self":[{"href":"https:\/\/vailly74.fr\/index.php\/wp-json\/wp\/v2\/pages\/698","targetHints":{"allow":["GET"]}}],"collection":[{"href":"https:\/\/vailly74.fr\/index.php\/wp-json\/wp\/v2\/pages"}],"about":[{"href":"https:\/\/vailly74.fr\/index.php\/wp-json\/wp\/v2\/types\/page"}],"author":[{"embeddable":true,"href":"https:\/\/vailly74.fr\/index.php\/wp-json\/wp\/v2\/users\/1"}],"replies":[{"embeddable":true,"href":"https:\/\/vailly74.fr\/index.php\/wp-json\/wp\/v2\/comments?post=698"}],"version-history":[{"count":17,"href":"https:\/\/vailly74.fr\/index.php\/wp-json\/wp\/v2\/pages\/698\/revisions"}],"predecessor-version":[{"id":5682,"href":"https:\/\/vailly74.fr\/index.php\/wp-json\/wp\/v2\/pages\/698\/revisions\/5682"}],"up":[{"embeddable":true,"href":"https:\/\/vailly74.fr\/index.php\/wp-json\/wp\/v2\/pages\/179"}],"wp:attachment":[{"href":"https:\/\/vailly74.fr\/index.php\/wp-json\/wp\/v2\/media?parent=698"}],"curies":[{"name":"wp","href":"https:\/\/api.w.org\/{rel}","templated":true}]}}

Ecole élémentaire

<p>Pour l&rsquo;année scolaire 2025/2026, une soixantaine d&rsquo;enfants fréquente l’école élémentaire du Chef Lieu, les lundis, mardis, jeudis et vendredis de 8h30 à 12h00 puis de 13h45 à 16h15.</p>
<p><img decoding="async" class="aligncenter" src="http://vailly74.fr/wp-content/uploads/2019/10/ecole-300x163.jpg" /></p>
<p>Les enseignantes :</p>
<p><b><i></i></b>&#8211; Mme Mathilde Richard, directrice de l’école, a en charge les CM1 et CM2 ;<br />
&#8211; Mme Christelle Meynet s’occupe des CP et CE1 ;<br />
&#8211; Mme Christine Descloîtres se chargent des CE1-CE2.</p>
<p><strong>Informations sur la rentrée 2025/2026 : <a href="http://vailly74.fr/wp-content/uploads/2025/07/Note-rentree-elementaire-2025.pdf"><span style="color: #0000ff;"><em>cliquez ici </em></span></a></strong></p>
<h5 style="text-align: center;"><strong><span style="color: #e81764;">– Contact –</span><br />
</strong></h5>
<p style="text-align: center;"><span style="color: #386eab;"><em>Ecole élémentaire publique</em></span><br />
3 Route de Thonon– 74470 Vailly<br />
Tél : 04 50 73 86 76 / Mail : ce.0740888n@ac-grenoble.fr</p>

<p>Pour l&rsquo;année scolaire 2025/2026, une soixantaine d&rsquo;enfants fréquente l’école élémentaire du Chef Lieu, les lundis, mardis, jeudis et vendredis de 8h30 à 12h00 puis de 13h45 à 16h15. Les enseignantes : &#8211; Mme Mathilde Richard, directrice de l’école, a en</p>
