{"id":468,"date":"2018-11-16T12:54:33","date_gmt":"2018-11-16T11:54:33","guid":{"rendered":"http:\/\/vailly74.fr\/?page_id=468"},"modified":"2025-11-06T11:28:53","modified_gmt":"2025-11-06T10:28:53","slug":"association-culturelle-et-sociale-les-hermones","status":"publish","type":"page","link":"https:\/\/vailly74.fr\/index.php\/associations\/association-culturelle-et-sociale-les-hermones\/","title":{"rendered":"Association Culturelle et Sociale les Hermones"},"content":{"rendered":"<p><img loading=\"lazy\" decoding=\"async\" class=\"alignright wp-image-476 size-full\" src=\"http:\/\/vailly74.fr\/wp-content\/uploads\/2018\/11\/Hermones.png\" alt=\"\" width=\"259\" height=\"194\" \/><strong>Membres du conseil d&rsquo;administration :<\/strong><\/p>\n<p>&#8211; P\u00e8re Nicolas OWONA<br \/>\n&#8211; Antoine MOREL Pr\u00e9sidente<br \/>\n&#8211; Luc CHATELAIN Vice-Pr\u00e9sident<br \/>\n&#8211; C\u00e9dric MOREL-GUILLEMAZ 2\u00e8me Vice Pr\u00e9sident<br \/>\n&#8211; Brigitte JORDAN tr\u00e9sori\u00e8re<br \/>\n&#8211; Nicole OLIVIER secr\u00e9taire<\/p>\n<p>&#8211; Josette TRABICHET membre honoraire<\/p>\n<p>L\u2019Association culturelle et sociale des Hermones vit le jour en 1973 gr\u00e2ce \u00e0 la vigilance de l\u2019Abb\u00e9 Fran\u00e7ois Dupraz.<br \/>\nLe b\u00e2timent \u00ab\u00a0St Joseph\u00a0\u00bb \u00e9tait g\u00e9r\u00e9 jusqu\u2019alors par une soci\u00e9t\u00e9 immobili\u00e8re cr\u00e9\u00e9e en 1937 au moment de la construction.<br \/>\nAu d\u00e9part ce fut l\u2019ouvroir ouvert uniquement aux filles pour devenir l\u2019\u00e9cole m\u00e9nag\u00e8re puis centre d\u2019enseignement rural puis lyc\u00e9e des Hermones, sous le couvert du minist\u00e8re de l\u2019agriculture.<\/p>\n<p>De 1936 \u00e0 1977,\u00a0 l\u2019enseignement, l\u2019infirmerie, et l\u2019animation du village \u00e9taient assur\u00e9s par des religieuses de la Croix\u00a0; second\u00e9es \u00e0 partir de 1962 par des la\u00efques.<br \/>\nLe b\u00e2timent fonctionna jusqu\u2019en 2000 pour la formation des jeunes.<br \/>\nL\u2019internat ferma ses portes en 1993\u00a0; il fallut trouver une solution pour que ce b\u00e2timent continue d\u2019exister.<\/p>\n<p>C\u2019est \u00e0 ce moment-l\u00e0 qu\u2019une collaboration \u00e9troite s\u2019\u00e9tablit avec les g\u00eetes de France d\u2019Annecy en vue de transformer le b\u00e2timent en g\u00eete de groupe.<br \/>\nEn 1994 un 1er \u00e9pi fut attribu\u00e9 puis un second en 2002.<\/p>\n<p>Le g\u00eete des Hermones a une capacit\u00e9 de 30 couchages et accueille tout au long de l\u2019ann\u00e9e :<br \/>\n&#8211; des familles pour des vacances, anniversaires, mariages, bapt\u00eames\u2026<br \/>\n&#8211; des jeunes pour le ski<br \/>\n&#8211; des adultes en souffrance mentale<br \/>\n&#8211; des stages<br \/>\n&#8211; des formations longue dur\u00e9e pour adultes\u2026<br \/>\n&#8211; autres<\/p>\n<p><span style=\"color: #e81764;\"><strong>Contacts &amp; Liens<\/strong><\/span><\/p>\n<p>T\u00e9l : 04 50 73 80 13 \/ 06 88 50 60 50<br \/>\nMail : associationculturelleleshermones74@orange.fr<br \/>\nWeb : <a href=\"https:\/\/www.gite-haute-savoie-les-hermones.com\/\" target=\"_blank\" rel=\"noopener\">http:\/\/www.gite-haute-savoie-les-hermones.com<\/a><\/p>\n","protected":false},"excerpt":{"rendered":"<p>Membres du conseil d&rsquo;administration : &#8211; P\u00e8re Nicolas OWONA &#8211; Antoine MOREL Pr\u00e9sidente &#8211; Luc CHATELAIN Vice-Pr\u00e9sident &#8211; C\u00e9dric MOREL-GUILLEMAZ 2\u00e8me Vice Pr\u00e9sident &#8211; Brigitte JORDAN tr\u00e9sori\u00e8re &#8211; Nicole OLIVIER secr\u00e9taire &#8211; Josette TRABICHET membre honoraire L\u2019Association culturelle et sociale<\/p>\n","protected":false},"author":1,"featured_media":0,"parent":409,"menu_order":12,"comment_status":"closed","ping_status":"closed","template":"","meta":{"_mi_skip_tracking":false,"footnotes":""},"class_list":["post-468","page","type-page","status-publish","hentry"],"_links":{"self":[{"href":"https:\/\/vailly74.fr\/index.php\/wp-json\/wp\/v2\/pages\/468","targetHints":{"allow":["GET"]}}],"collection":[{"href":"https:\/\/vailly74.fr\/index.php\/wp-json\/wp\/v2\/pages"}],"about":[{"href":"https:\/\/vailly74.fr\/index.php\/wp-json\/wp\/v2\/types\/page"}],"author":[{"embeddable":true,"href":"https:\/\/vailly74.fr\/index.php\/wp-json\/wp\/v2\/users\/1"}],"replies":[{"embeddable":true,"href":"https:\/\/vailly74.fr\/index.php\/wp-json\/wp\/v2\/comments?post=468"}],"version-history":[{"count":7,"href":"https:\/\/vailly74.fr\/index.php\/wp-json\/wp\/v2\/pages\/468\/revisions"}],"predecessor-version":[{"id":5819,"href":"https:\/\/vailly74.fr\/index.php\/wp-json\/wp\/v2\/pages\/468\/revisions\/5819"}],"up":[{"embeddable":true,"href":"https:\/\/vailly74.fr\/index.php\/wp-json\/wp\/v2\/pages\/409"}],"wp:attachment":[{"href":"https:\/\/vailly74.fr\/index.php\/wp-json\/wp\/v2\/media?parent=468"}],"curies":[{"name":"wp","href":"https:\/\/api.w.org\/{rel}","templated":true}]}}