{"id":454,"date":"2018-11-15T20:34:50","date_gmt":"2018-11-15T19:34:50","guid":{"rendered":"http:\/\/vailly74.fr\/?page_id=454"},"modified":"2019-07-29T14:41:54","modified_gmt":"2019-07-29T12:41:54","slug":"afn","status":"publish","type":"page","link":"https:\/\/vailly74.fr\/index.php\/associations\/afn\/","title":{"rendered":"AFN"},"content":{"rendered":"<p><span style=\"color: #386eab;\"><strong>Pr\u00e9sentation<\/strong><\/span><\/p>\n<p>L\u2019association des combattants AFN de Vailly a pour but de maintenir les liens de camaraderie, d\u2019amiti\u00e9 et de solidarit\u00e9 qui existent entre ceux qui ont particip\u00e9 \u00e0 la d\u00e9fense de la patrie mais \u00e9galement de d\u00e9fendre les int\u00e9rets moraux, sociaux et mat\u00e9riels des adh\u00e9rents et de leurs ayants droit.<br \/>\nA ce jour la section compte 24 membres.<\/p>\n<p>&nbsp;<\/p>\n<p><span style=\"color: #386eab;\"><strong>Les membres du bureau<\/strong><\/span><\/p>\n<p>Pr\u00e9sident\u00a0: F\u00e9lix TAGAND<br \/>\nVice Pr\u00e9sident\u00a0: Ren\u00e9 Dubouloz<br \/>\nTr\u00e9sorier\u00a0: Claude TRABICHET<br \/>\nVice Tr\u00e9sorier\u00a0: Ren\u00e9 BIDAL<br \/>\nSecr\u00e9taire\u00a0: Denis CHARLES<br \/>\nVice Secr\u00e9taire\u00a0: Etienne BIDAL<br \/>\nPorte drapeau\u00a0: Fran\u00e7ois CHEVALLET<br \/>\nVice porte drapeau\u00a0: Jean Paul VULLIEZ<br \/>\nResponsable presse\u00a0: Joseph CORNIER<\/p>\n<p>Membres actifs\u00a0: Joseph FAVRE \/ Louis LYARDET \/ Ren\u00e9 DUBOULOZ<\/p>\n","protected":false},"excerpt":{"rendered":"<p>Pr\u00e9sentation L\u2019association des combattants AFN de Vailly a pour but de maintenir les liens de camaraderie, d\u2019amiti\u00e9 et de solidarit\u00e9 qui existent entre ceux qui ont particip\u00e9 \u00e0 la d\u00e9fense de la patrie mais \u00e9galement de d\u00e9fendre les int\u00e9rets moraux,<\/p>\n","protected":false},"author":1,"featured_media":0,"parent":409,"menu_order":8,"comment_status":"closed","ping_status":"closed","template":"","meta":{"_mi_skip_tracking":false,"footnotes":""},"class_list":["post-454","page","type-page","status-publish","hentry"],"_links":{"self":[{"href":"https:\/\/vailly74.fr\/index.php\/wp-json\/wp\/v2\/pages\/454","targetHints":{"allow":["GET"]}}],"collection":[{"href":"https:\/\/vailly74.fr\/index.php\/wp-json\/wp\/v2\/pages"}],"about":[{"href":"https:\/\/vailly74.fr\/index.php\/wp-json\/wp\/v2\/types\/page"}],"author":[{"embeddable":true,"href":"https:\/\/vailly74.fr\/index.php\/wp-json\/wp\/v2\/users\/1"}],"replies":[{"embeddable":true,"href":"https:\/\/vailly74.fr\/index.php\/wp-json\/wp\/v2\/comments?post=454"}],"version-history":[{"count":3,"href":"https:\/\/vailly74.fr\/index.php\/wp-json\/wp\/v2\/pages\/454\/revisions"}],"predecessor-version":[{"id":797,"href":"https:\/\/vailly74.fr\/index.php\/wp-json\/wp\/v2\/pages\/454\/revisions\/797"}],"up":[{"embeddable":true,"href":"https:\/\/vailly74.fr\/index.php\/wp-json\/wp\/v2\/pages\/409"}],"wp:attachment":[{"href":"https:\/\/vailly74.fr\/index.php\/wp-json\/wp\/v2\/media?parent=454"}],"curies":[{"name":"wp","href":"https:\/\/api.w.org\/{rel}","templated":true}]}}