{"id":332,"date":"2018-10-25T21:22:30","date_gmt":"2018-10-25T19:22:30","guid":{"rendered":"http:\/\/vailly74.fr\/?page_id=332"},"modified":"2026-03-26T11:56:05","modified_gmt":"2026-03-26T10:56:05","slug":"la-cantine","status":"publish","type":"page","link":"https:\/\/vailly74.fr\/index.php\/enfance-et-jeunesse\/la-cantine\/","title":{"rendered":"Cantine"},"content":{"rendered":"<p><img loading=\"lazy\" decoding=\"async\" class=\" wp-image-334 alignright\" src=\"http:\/\/vailly74.fr\/wp-content\/uploads\/2018\/10\/cantine3-294x300.jpg\" alt=\"\" width=\"240\" height=\"245\" srcset=\"https:\/\/vailly74.fr\/wp-content\/uploads\/2018\/10\/cantine3-294x300.jpg 294w, https:\/\/vailly74.fr\/wp-content\/uploads\/2018\/10\/cantine3.jpg 350w\" sizes=\"auto, (max-width: 240px) 100vw, 240px\" \/>Un service de cantine scolaire est assur\u00e9 par le personnel communal dans les locaux communaux pendant l\u2019ann\u00e9e scolaire les lundi, mardi, jeudi et vendredi.<\/p>\n<p>Les enfants sont pris en charge \u00e0 la fin du temps scolaire du matin et jusqu\u2019\u00e0 la reprise du temps scolaire de l\u2019apr\u00e8s-midi.<\/p>\n<p>Pour t\u00e9l\u00e9charger le r\u00e8glement :\u00a0<span style=\"color: #0000ff;\"><a style=\"color: #0000ff;\" href=\"http:\/\/vailly74.fr\/wp-content\/uploads\/2019\/10\/Reglement-Interieur_Cantine.pdf\" target=\"_blank\" rel=\"noopener noreferrer\"><em>cliquez ici.<\/em><\/a><\/span><\/p>\n<p>Pour l&rsquo;inscription \u00e0 la cantine : eTicket, votre portail famille, <a href=\"https:\/\/www.eticket.qiis.fr\/connexion-au-portail-famille\/\" target=\"_blank\" rel=\"noopener noreferrer\"><span style=\"color: #0000ff;\"><em>cliquez ici.<\/em><\/span><\/a><\/p>\n\n\n<p><\/p>\n","protected":false},"excerpt":{"rendered":"<p>Un service de cantine scolaire est assur\u00e9 par le personnel communal dans les locaux communaux pendant l\u2019ann\u00e9e scolaire les lundi, mardi, jeudi et vendredi. Les enfants sont pris en charge \u00e0 la fin du temps scolaire du matin et jusqu\u2019\u00e0<\/p>\n","protected":false},"author":1,"featured_media":0,"parent":179,"menu_order":5,"comment_status":"closed","ping_status":"closed","template":"","meta":{"_mi_skip_tracking":false,"footnotes":""},"class_list":["post-332","page","type-page","status-publish","hentry"],"_links":{"self":[{"href":"https:\/\/vailly74.fr\/index.php\/wp-json\/wp\/v2\/pages\/332","targetHints":{"allow":["GET"]}}],"collection":[{"href":"https:\/\/vailly74.fr\/index.php\/wp-json\/wp\/v2\/pages"}],"about":[{"href":"https:\/\/vailly74.fr\/index.php\/wp-json\/wp\/v2\/types\/page"}],"author":[{"embeddable":true,"href":"https:\/\/vailly74.fr\/index.php\/wp-json\/wp\/v2\/users\/1"}],"replies":[{"embeddable":true,"href":"https:\/\/vailly74.fr\/index.php\/wp-json\/wp\/v2\/comments?post=332"}],"version-history":[{"count":16,"href":"https:\/\/vailly74.fr\/index.php\/wp-json\/wp\/v2\/pages\/332\/revisions"}],"predecessor-version":[{"id":6040,"href":"https:\/\/vailly74.fr\/index.php\/wp-json\/wp\/v2\/pages\/332\/revisions\/6040"}],"up":[{"embeddable":true,"href":"https:\/\/vailly74.fr\/index.php\/wp-json\/wp\/v2\/pages\/179"}],"wp:attachment":[{"href":"https:\/\/vailly74.fr\/index.php\/wp-json\/wp\/v2\/media?parent=332"}],"curies":[{"name":"wp","href":"https:\/\/api.w.org\/{rel}","templated":true}]}}