{"id":324,"date":"2018-10-25T21:17:19","date_gmt":"2018-10-25T19:17:19","guid":{"rendered":"http:\/\/vailly74.fr\/?page_id=324"},"modified":"2024-07-25T14:11:03","modified_gmt":"2024-07-25T12:11:03","slug":"les-assistantes-maternelles","status":"publish","type":"page","link":"https:\/\/vailly74.fr\/index.php\/enfance-et-jeunesse\/les-assistantes-maternelles\/","title":{"rendered":"Assistantes maternelles"},"content":{"rendered":"<p><img loading=\"lazy\" decoding=\"async\" class=\"size-medium wp-image-326 alignright\" src=\"http:\/\/vailly74.fr\/wp-content\/uploads\/2018\/10\/laureanida-m-30604-0-300x250.jpg\" alt=\"\" width=\"300\" height=\"250\" \/><\/p>\n<p>L&rsquo;assistante maternelle peut \u00eatre salari\u00e9e d&rsquo;une cr\u00e8che familiale ou directement employ\u00e9e par le parent.<\/p>\n<p>Elle accueille \u00e0 son domicile de un \u00e0 trois enfants.<br \/>\nElle doit \u00eatre titulaire d\u2019un agr\u00e9ment d\u00e9livr\u00e9 par les services de protection maternelle et infantile (PMI) du Conseil D\u00e9partemental.<br \/>\nCet agr\u00e9ment est un gage de s\u00e9curit\u00e9. Il garantit une bonne qualit\u00e9 d\u2019accueil.<\/p>\n<p>Actuellement, il n&rsquo;y a aucune assistante maternelle sur notre commune.<\/p>\n","protected":false},"excerpt":{"rendered":"<p>L&rsquo;assistante maternelle peut \u00eatre salari\u00e9e d&rsquo;une cr\u00e8che familiale ou directement employ\u00e9e par le parent. Elle accueille \u00e0 son domicile de un \u00e0 trois enfants. Elle doit \u00eatre titulaire d\u2019un agr\u00e9ment d\u00e9livr\u00e9 par les services de protection maternelle et infantile (PMI)<\/p>\n","protected":false},"author":1,"featured_media":0,"parent":179,"menu_order":7,"comment_status":"closed","ping_status":"closed","template":"","meta":{"_mi_skip_tracking":false,"footnotes":""},"class_list":["post-324","page","type-page","status-publish","hentry"],"_links":{"self":[{"href":"https:\/\/vailly74.fr\/index.php\/wp-json\/wp\/v2\/pages\/324","targetHints":{"allow":["GET"]}}],"collection":[{"href":"https:\/\/vailly74.fr\/index.php\/wp-json\/wp\/v2\/pages"}],"about":[{"href":"https:\/\/vailly74.fr\/index.php\/wp-json\/wp\/v2\/types\/page"}],"author":[{"embeddable":true,"href":"https:\/\/vailly74.fr\/index.php\/wp-json\/wp\/v2\/users\/1"}],"replies":[{"embeddable":true,"href":"https:\/\/vailly74.fr\/index.php\/wp-json\/wp\/v2\/comments?post=324"}],"version-history":[{"count":17,"href":"https:\/\/vailly74.fr\/index.php\/wp-json\/wp\/v2\/pages\/324\/revisions"}],"predecessor-version":[{"id":5090,"href":"https:\/\/vailly74.fr\/index.php\/wp-json\/wp\/v2\/pages\/324\/revisions\/5090"}],"up":[{"embeddable":true,"href":"https:\/\/vailly74.fr\/index.php\/wp-json\/wp\/v2\/pages\/179"}],"wp:attachment":[{"href":"https:\/\/vailly74.fr\/index.php\/wp-json\/wp\/v2\/media?parent=324"}],"curies":[{"name":"wp","href":"https:\/\/api.w.org\/{rel}","templated":true}]}}