{"id":314,"date":"2018-10-23T21:25:23","date_gmt":"2018-10-23T19:25:23","guid":{"rendered":"http:\/\/vailly74.fr\/?page_id=314"},"modified":"2026-02-20T15:00:02","modified_gmt":"2026-02-20T14:00:02","slug":"intercommunalite","status":"publish","type":"page","link":"https:\/\/vailly74.fr\/index.php\/intercommunalite\/","title":{"rendered":"Intercommunalit\u00e9"},"content":{"rendered":"<p><img loading=\"lazy\" decoding=\"async\" class=\"wp-image-5459 aligncenter\" src=\"http:\/\/vailly74.fr\/wp-content\/uploads\/2025\/03\/logo-CCHC-quadri.jpg\" alt=\"\" width=\"419\" height=\"175\" srcset=\"https:\/\/vailly74.fr\/wp-content\/uploads\/2025\/03\/logo-CCHC-quadri.jpg 1417w, https:\/\/vailly74.fr\/wp-content\/uploads\/2025\/03\/logo-CCHC-quadri-300x125.jpg 300w, https:\/\/vailly74.fr\/wp-content\/uploads\/2025\/03\/logo-CCHC-quadri-1024x427.jpg 1024w, https:\/\/vailly74.fr\/wp-content\/uploads\/2025\/03\/logo-CCHC-quadri-768x320.jpg 768w\" sizes=\"auto, (max-width: 419px) 100vw, 419px\" \/><\/p>\n<p>Depuis le 1er janvier 2014, notre commune est membre de la Communaut\u00e9 de Communes du Haut-Chablais qui regroupe 15 communes :<\/p>\n<p>Bellevaux &#8211; La Forclaz &#8211; Lullin &#8211; Seytroux &#8211; Essert-Romand &#8211; La Vernaz &#8211; Montriond &#8211; Saint Jean d\u2019Aulps &#8211; La Baume &#8211; Le Biot &#8211; Morzine &#8211; Vailly &#8211; La C\u00f4te d\u2019Arbroz &#8211; Les Gets &#8211; Reyvroz.<\/p>\n<p>Yannick TRABICHET, maire, et Jean-Marc GIROD, 1er adjoint, sont les deux d\u00e9l\u00e9gu\u00e9s communautaires de notre commune.<\/p>\n<p>Depuis le 26 mars 2024, la Communaut\u00e9 de communes du Haut-Chablais est pr\u00e9sid\u00e9e par Yannick TRABICHET.<\/p>\n<p>Le conseil communautaire se r\u00e9unit une fois par mois. Son fonctionnement est similaire \u00e0 un conseil municipal o\u00f9 sont prises des d\u00e9cisions concernant 13 comp\u00e9tences :<br \/>\u2022 Am\u00e9nagement du territoire : SCoT &#8211; d\u00e9senclavement du Chablais<br \/>\u2022 D\u00e9veloppement \u00e9conomique : zones d\u2019activit\u00e9s intercommunales &#8211; soutien aux entreprises &#8211; politique des saisonniers &#8211; For\u00eat et agriculture<br \/>\u2022 Protection et mise en valeur de l\u2019environnement : d\u00e9chets &#8211; eaux et rivi\u00e8res &#8211; Natura 2000<br \/>\u2022 Construction et gestion d\u2019\u00e9quipements sportifs : sentiers &#8211; terrain de football &#8211; Gymnase<br \/>\u2022 Politique culturelle : mus\u00e9es &#8211; \u00e9coles de musique &#8211; biblioth\u00e8ques<br \/>\u2022 Voirie : am\u00e9nagement &#8211; r\u00e9fection &#8211; entretien<br \/>\u2022 Politique du logement : OPAH &#8211; Logements sociaux<br \/>\u2022 Action sociale : relais d\u2019assistantes maternelles &#8211; cr\u00e8ches &#8211; maison de sant\u00e9 pluri professionnelle<br \/>\u2022 SPANC : Service Public d\u2019Assainissement Non Collectif<br \/>\u2022 Equipements publics : Gendarmerie<br \/>\u2022 Mobilit\u00e9 et transport : transport scolaire et interurbain &#8211; ascenseurs publics<br \/>\u2022 G\u00e9opark du Chablais<br \/>\u2022 PLUi-H : Plan Local d\u2019Urbanisme Intercommunal valant Programme Local de l\u2019Habitat. Il s\u2019agit d\u2019un document de panification et d\u2019urbanisme r\u00e8glementaire \u00e0 l\u2019\u00e9chelle de la communaut\u00e9 de communes<\/p>\n<p>Notre commune trouve pleinement sa place au sein de la CCHC.<br \/>Nous apprenons \u00e0 travailler ensemble pour permettre \u00e0 notre territoire d\u2019\u00e9voluer sereinement.<br \/>La Communaut\u00e9 de Communes du Haut-Chablais est pour nous Vailli\u00e9rands une opportunit\u00e9 parce qu\u2019ensemble on est plus fort :<br \/>&#8211; Consolider ce qui a d\u00e9j\u00e0 \u00e9t\u00e9 entrepris<br \/>&#8211; Anticiper les attentes et aller de l\u2019avant.<\/p>\n<p><span style=\"color: #386eab;\"><strong>Contact :<br \/><\/strong><\/span>Communaut\u00e9 de Communes du Haut-Chablais<br \/>18 route de l&rsquo;Eglise (1er \u00e9tage de la mairie)<br \/>74430 LE BIOT<br \/>Site web : <a href=\"https:\/\/www.hautchablais.fr\/\">https:\/\/www.hautchablais.fr<\/a><\/p>\n\n\n<p>Pour consulter le dernier journal de l&rsquo;interco :<a href=\"http:\/\/vailly74.fr\/wp-content\/uploads\/2026\/02\/mag-10-cchc-web_YGMlFOX.pdf\">mag-10-cchc-web_.pdf<\/a><\/p>\n\n\n\n<p><\/p>\n","protected":false},"excerpt":{"rendered":"<p>Depuis le 1er janvier 2014, notre commune est membre de la Communaut\u00e9 de Communes du Haut-Chablais qui regroupe 15 communes : Bellevaux &#8211; La Forclaz &#8211; Lullin &#8211; Seytroux &#8211; Essert-Romand &#8211; La Vernaz &#8211; Montriond &#8211; Saint Jean d\u2019Aulps<\/p>\n","protected":false},"author":1,"featured_media":0,"parent":0,"menu_order":0,"comment_status":"closed","ping_status":"closed","template":"","meta":{"_mi_skip_tracking":false,"footnotes":""},"class_list":["post-314","page","type-page","status-publish","hentry"],"_links":{"self":[{"href":"https:\/\/vailly74.fr\/index.php\/wp-json\/wp\/v2\/pages\/314","targetHints":{"allow":["GET"]}}],"collection":[{"href":"https:\/\/vailly74.fr\/index.php\/wp-json\/wp\/v2\/pages"}],"about":[{"href":"https:\/\/vailly74.fr\/index.php\/wp-json\/wp\/v2\/types\/page"}],"author":[{"embeddable":true,"href":"https:\/\/vailly74.fr\/index.php\/wp-json\/wp\/v2\/users\/1"}],"replies":[{"embeddable":true,"href":"https:\/\/vailly74.fr\/index.php\/wp-json\/wp\/v2\/comments?post=314"}],"version-history":[{"count":15,"href":"https:\/\/vailly74.fr\/index.php\/wp-json\/wp\/v2\/pages\/314\/revisions"}],"predecessor-version":[{"id":5971,"href":"https:\/\/vailly74.fr\/index.php\/wp-json\/wp\/v2\/pages\/314\/revisions\/5971"}],"wp:attachment":[{"href":"https:\/\/vailly74.fr\/index.php\/wp-json\/wp\/v2\/media?parent=314"}],"curies":[{"name":"wp","href":"https:\/\/api.w.org\/{rel}","templated":true}]}}

Intercommunalité

<p><img loading="lazy" decoding="async" class="wp-image-5459 aligncenter" src="http://vailly74.fr/wp-content/uploads/2025/03/logo-CCHC-quadri.jpg" alt="" width="419" height="175" srcset="https://vailly74.fr/wp-content/uploads/2025/03/logo-CCHC-quadri.jpg 1417w, https://vailly74.fr/wp-content/uploads/2025/03/logo-CCHC-quadri-300x125.jpg 300w, https://vailly74.fr/wp-content/uploads/2025/03/logo-CCHC-quadri-1024x427.jpg 1024w, https://vailly74.fr/wp-content/uploads/2025/03/logo-CCHC-quadri-768x320.jpg 768w" sizes="auto, (max-width: 419px) 100vw, 419px" /></p>
<p>Depuis le 1er janvier 2014, notre commune est membre de la Communauté de Communes du Haut-Chablais qui regroupe 15 communes :</p>
<p>Bellevaux &#8211; La Forclaz &#8211; Lullin &#8211; Seytroux &#8211; Essert-Romand &#8211; La Vernaz &#8211; Montriond &#8211; Saint Jean d’Aulps &#8211; La Baume &#8211; Le Biot &#8211; Morzine &#8211; Vailly &#8211; La Côte d’Arbroz &#8211; Les Gets &#8211; Reyvroz.</p>
<p>Yannick TRABICHET, maire, et Jean-Marc GIROD, 1er adjoint, sont les deux délégués communautaires de notre commune.</p>
<p>Depuis le 26 mars 2024, la Communauté de communes du Haut-Chablais est présidée par Yannick TRABICHET.</p>
<p>Le conseil communautaire se réunit une fois par mois. Son fonctionnement est similaire à un conseil municipal où sont prises des décisions concernant 13 compétences :<br />• Aménagement du territoire : SCoT &#8211; désenclavement du Chablais<br />• Développement économique : zones d’activités intercommunales &#8211; soutien aux entreprises &#8211; politique des saisonniers &#8211; Forêt et agriculture<br />• Protection et mise en valeur de l’environnement : déchets &#8211; eaux et rivières &#8211; Natura 2000<br />• Construction et gestion d’équipements sportifs : sentiers &#8211; terrain de football &#8211; Gymnase<br />• Politique culturelle : musées &#8211; écoles de musique &#8211; bibliothèques<br />• Voirie : aménagement &#8211; réfection &#8211; entretien<br />• Politique du logement : OPAH &#8211; Logements sociaux<br />• Action sociale : relais d’assistantes maternelles &#8211; crèches &#8211; maison de santé pluri professionnelle<br />• SPANC : Service Public d’Assainissement Non Collectif<br />• Equipements publics : Gendarmerie<br />• Mobilité et transport : transport scolaire et interurbain &#8211; ascenseurs publics<br />• Géopark du Chablais<br />• PLUi-H : Plan Local d’Urbanisme Intercommunal valant Programme Local de l’Habitat. Il s’agit d’un document de panification et d’urbanisme règlementaire à l’échelle de la communauté de communes</p>
<p>Notre commune trouve pleinement sa place au sein de la CCHC.<br />Nous apprenons à travailler ensemble pour permettre à notre territoire d’évoluer sereinement.<br />La Communauté de Communes du Haut-Chablais est pour nous Vailliérands une opportunité parce qu’ensemble on est plus fort :<br />&#8211; Consolider ce qui a déjà été entrepris<br />&#8211; Anticiper les attentes et aller de l’avant.</p>
<p><span style="color: #386eab;"><strong>Contact :<br /></strong></span>Communauté de Communes du Haut-Chablais<br />18 route de l&rsquo;Eglise (1er étage de la mairie)<br />74430 LE BIOT<br />Site web : <a href="https://www.hautchablais.fr/">https://www.hautchablais.fr</a></p>


<p>Pour consulter le dernier journal de l&rsquo;interco :<a href="http://vailly74.fr/wp-content/uploads/2026/02/mag-10-cchc-web_YGMlFOX.pdf">mag-10-cchc-web_.pdf</a></p>



<p></p>

<p>Depuis le 1er janvier 2014, notre commune est membre de la Communauté de Communes du Haut-Chablais qui regroupe 15 communes : Bellevaux &#8211; La Forclaz &#8211; Lullin &#8211; Seytroux &#8211; Essert-Romand &#8211; La Vernaz &#8211; Montriond &#8211; Saint Jean d’Aulps</p>
