{"id":257,"date":"2018-10-19T21:24:52","date_gmt":"2018-10-19T19:24:52","guid":{"rendered":"http:\/\/vailly74.fr\/?page_id=257"},"modified":"2025-12-19T15:24:35","modified_gmt":"2025-12-19T14:24:35","slug":"les-aines","status":"publish","type":"page","link":"https:\/\/vailly74.fr\/index.php\/infos-pratiques\/les-aines\/","title":{"rendered":"Les ain\u00e9s"},"content":{"rendered":"<p>Pour tous renseignements relatifs aux personnes \u00e2g\u00e9es :<\/p>\n<p><strong>&gt;&gt;<\/strong> Pour plus d\u2019informations vous pouvez contacter <strong>le secr\u00e9tariat de mairie ou l&rsquo;<\/strong><a href=\"http:\/\/vailly74.fr\/index.php\/associations\/444-2\/\" target=\"_blank\" rel=\"noopener\"><strong>ADMR de la Vall\u00e9e du Brevon<\/strong> :<\/a><\/p>\n<p>Immeuble \u201cLes Framboises\u201d rez-de-chauss\u00e9e<\/p>\n<p>44 all\u00e9e de la Fruiti\u00e8re<\/p>\n<p>74470 VAILLY<\/p>\n<p>T\u00e9l :\u00a004.50.73.97.17 (r\u00e9pondeur en cas d\u2019absence)<\/p>\n<p>Mail : info.valleebrevon.fede74@admr.org<\/p>\n<p><strong>&gt;&gt;<\/strong> Dans le cadre d&rsquo;un accompagnement au long terme, vous pouvez contacter , <strong>le\u00a0dispositif MAIA du Chablais<\/strong>, (M\u00e9thode d\u2019Action pour l\u2019int\u00e9gration des services d\u2019Aide) int\u00e9gr\u00e9e au P\u00f4le g\u00e9rontologique du Chablais sur le territoire de la fili\u00e8re des H\u00f4pitaux du L\u00e9man :<\/p>\n<p>Immeuble l&rsquo;Androsace<\/p>\n<p>1 rue Casimir Capitan &#8211; C.S. 70522<\/p>\n<p>74203 Thonon les Bains Cedex<\/p>\n<p>T\u00e9l : 04.50.81.89.34<\/p>\n<p>Mail :\u00a0<span id=\"cloakbd113b04d23f1616dfe0857095580557\">ch-polegeronto@hautesavoie.fr<\/span><\/p>\n<p><em>Retrouvez plus amples informations concernant des solutions d&rsquo;accueil, de transports et d&rsquo;animations sur le site de la Communaut\u00e9 de Communes du haut Chablais\u00a0<a href=\"https:\/\/www.hautchablais.fr\/menu\/339\">Les a\u00een\u00e9s<\/a><\/em><\/p>\n","protected":false},"excerpt":{"rendered":"<p>Pour tous renseignements relatifs aux personnes \u00e2g\u00e9es : &gt;&gt; Pour plus d\u2019informations vous pouvez contacter le secr\u00e9tariat de mairie ou l&rsquo;ADMR de la Vall\u00e9e du Brevon : Immeuble \u201cLes Framboises\u201d rez-de-chauss\u00e9e 44 all\u00e9e de la Fruiti\u00e8re 74470 VAILLY T\u00e9l :\u00a004.50.73.97.17<\/p>\n","protected":false},"author":1,"featured_media":0,"parent":241,"menu_order":1,"comment_status":"closed","ping_status":"closed","template":"","meta":{"_mi_skip_tracking":false,"footnotes":""},"class_list":["post-257","page","type-page","status-publish","hentry"],"_links":{"self":[{"href":"https:\/\/vailly74.fr\/index.php\/wp-json\/wp\/v2\/pages\/257","targetHints":{"allow":["GET"]}}],"collection":[{"href":"https:\/\/vailly74.fr\/index.php\/wp-json\/wp\/v2\/pages"}],"about":[{"href":"https:\/\/vailly74.fr\/index.php\/wp-json\/wp\/v2\/types\/page"}],"author":[{"embeddable":true,"href":"https:\/\/vailly74.fr\/index.php\/wp-json\/wp\/v2\/users\/1"}],"replies":[{"embeddable":true,"href":"https:\/\/vailly74.fr\/index.php\/wp-json\/wp\/v2\/comments?post=257"}],"version-history":[{"count":6,"href":"https:\/\/vailly74.fr\/index.php\/wp-json\/wp\/v2\/pages\/257\/revisions"}],"predecessor-version":[{"id":5892,"href":"https:\/\/vailly74.fr\/index.php\/wp-json\/wp\/v2\/pages\/257\/revisions\/5892"}],"up":[{"embeddable":true,"href":"https:\/\/vailly74.fr\/index.php\/wp-json\/wp\/v2\/pages\/241"}],"wp:attachment":[{"href":"https:\/\/vailly74.fr\/index.php\/wp-json\/wp\/v2\/media?parent=257"}],"curies":[{"name":"wp","href":"https:\/\/api.w.org\/{rel}","templated":true}]}}