{"id":1027,"date":"2019-02-13T10:40:17","date_gmt":"2019-02-13T09:40:17","guid":{"rendered":"http:\/\/vailly74.fr\/?page_id=1027"},"modified":"2021-07-01T09:03:07","modified_gmt":"2021-07-01T07:03:07","slug":"declaration-de-rucher","status":"publish","type":"page","link":"https:\/\/vailly74.fr\/index.php\/demarche-administrative\/declaration-de-rucher\/","title":{"rendered":"D\u00e9claration de rucher"},"content":{"rendered":"<div class=\"article_entete\">\n<p class=\" text-justify\">Tout apiculteur est tenu de d\u00e9clarer chaque ann\u00e9e, entre le 1er septembre et le 31 d\u00e9cembre, les colonies d\u2019abeilles dont il est propri\u00e9taire ou d\u00e9tenteur.<\/p>\n<p class=\" text-justify\">La d\u00e9claration est obligatoire d\u00e8s la premi\u00e8re colonie d\u00e9tenue.<\/p>\n<\/div>\n<p class=\" text-justify\">La d\u00e9claration de ruches consiste \u00e0 renseigner\u00a0:<br \/>\n&#8211; Le nombre total de colonies d\u2019abeilles poss\u00e9d\u00e9es (toutes les colonies d\u2019abeilles sont \u00e0 d\u00e9clarer, qu\u2019elles soient en ruches, ruchettes ou ruchettes de f\u00e9condation\/nuclei)<br \/>\n&#8211; pour une meilleure efficacit\u00e9 des actions sanitaires, les communes accueillant ou susceptibles d\u2019accueillir des colonies d\u2019abeilles dans l\u2019ann\u00e9e qui suit la d\u00e9claration, si connues.<\/p>\n<div>\n<div>\n<p>Toutes les d\u00e9clarations de ruches peuvent \u00eatre faites, en sp\u00e9cifiant leur nombre et leurs emplacements tous les ans, sur\u00a0le site internet du gouvernement\u00a0<a href=\"https:\/\/www.mesdemarches.agriculture.gouv.fr\/demarches\/particulier\/effectuer-une-declaration-55\/article\/declarer-des-ruches?id_rubrique=55\" target=\"_blank\" rel=\"nofollow noopener noreferrer\">www.mesdemarches.agriculture.gouv.fr\/demarches\/particulier\/effectuer-une-declaration-55\/article\/declarer-des-ruches?id_rubrique=55<\/a><\/p>\n<\/div>\n<\/div>\n<div>\n<p class=\"yiv1133277783MsoNormal\">Pour tout pratiquant d&rsquo;apiculture il est n\u00e9cessaire d\u2019effectuer cette d\u00e9marche, afin de favoriser un bon fonctionnement \u00e9cologique et hygi\u00e9nique des \u00e9leveurs d\u2019abeilles.<\/p>\n<\/div>\n<p><img loading=\"lazy\" decoding=\"async\" class=\"size-medium wp-image-1062 aligncenter\" src=\"http:\/\/vailly74.fr\/wp-content\/uploads\/2019\/02\/Apiculteur-C-Jessica-Vittorini-225x300.jpg\" alt=\"\" width=\"225\" height=\"300\" srcset=\"https:\/\/vailly74.fr\/wp-content\/uploads\/2019\/02\/Apiculteur-C-Jessica-Vittorini-225x300.jpg 225w, https:\/\/vailly74.fr\/wp-content\/uploads\/2019\/02\/Apiculteur-C-Jessica-Vittorini.jpg 450w\" sizes=\"auto, (max-width: 225px) 100vw, 225px\" \/><\/p>\n","protected":false},"excerpt":{"rendered":"<p>Tout apiculteur est tenu de d\u00e9clarer chaque ann\u00e9e, entre le 1er septembre et le 31 d\u00e9cembre, les colonies d\u2019abeilles dont il est propri\u00e9taire ou d\u00e9tenteur. La d\u00e9claration est obligatoire d\u00e8s la premi\u00e8re colonie d\u00e9tenue. La d\u00e9claration de ruches consiste \u00e0<\/p>\n","protected":false},"author":1,"featured_media":0,"parent":1016,"menu_order":8,"comment_status":"closed","ping_status":"closed","template":"","meta":{"_mi_skip_tracking":false,"footnotes":""},"class_list":["post-1027","page","type-page","status-publish","hentry"],"_links":{"self":[{"href":"https:\/\/vailly74.fr\/index.php\/wp-json\/wp\/v2\/pages\/1027","targetHints":{"allow":["GET"]}}],"collection":[{"href":"https:\/\/vailly74.fr\/index.php\/wp-json\/wp\/v2\/pages"}],"about":[{"href":"https:\/\/vailly74.fr\/index.php\/wp-json\/wp\/v2\/types\/page"}],"author":[{"embeddable":true,"href":"https:\/\/vailly74.fr\/index.php\/wp-json\/wp\/v2\/users\/1"}],"replies":[{"embeddable":true,"href":"https:\/\/vailly74.fr\/index.php\/wp-json\/wp\/v2\/comments?post=1027"}],"version-history":[{"count":4,"href":"https:\/\/vailly74.fr\/index.php\/wp-json\/wp\/v2\/pages\/1027\/revisions"}],"predecessor-version":[{"id":3710,"href":"https:\/\/vailly74.fr\/index.php\/wp-json\/wp\/v2\/pages\/1027\/revisions\/3710"}],"up":[{"embeddable":true,"href":"https:\/\/vailly74.fr\/index.php\/wp-json\/wp\/v2\/pages\/1016"}],"wp:attachment":[{"href":"https:\/\/vailly74.fr\/index.php\/wp-json\/wp\/v2\/media?parent=1027"}],"curies":[{"name":"wp","href":"https:\/\/api.w.org\/{rel}","templated":true}]}}