{"id":1020,"date":"2019-02-13T10:40:17","date_gmt":"2019-02-13T09:40:17","guid":{"rendered":"http:\/\/vailly74.fr\/?page_id=1020"},"modified":"2024-09-06T14:42:44","modified_gmt":"2024-09-06T12:42:44","slug":"carte-didentite","status":"publish","type":"page","link":"https:\/\/vailly74.fr\/index.php\/demarche-administrative\/carte-didentite\/","title":{"rendered":"Carte d&rsquo;identit\u00e9"},"content":{"rendered":"<p>Pour demander une carte d&rsquo;identit\u00e9, les pi\u00e8ces justificatives n\u00e9cessaires d\u00e9pendent de la situation :<\/p>\n<ul>\n<li>Majeur ou mineur ;<\/li>\n<li>Premi\u00e8re demande ou renouvellement ;<\/li>\n<li>Possession (ou non) d&rsquo;un passeport, <em>etc.<\/em><\/li>\n<\/ul>\n<p>Les d\u00e9lais de fabrication d\u00e9pendent du lieu et de la p\u00e9riode de la demande.<\/p>\n<p>La Carte Nationale d\u2019Identit\u00e9 est valable\u00a0<strong>10 ans<\/strong>\u00a0pour les majeurs et\u00a0<strong>10 ans<\/strong>\u00a0pour les mineurs.<\/p>\n<p><em>La prolongation de 5 ans est automatique pour les majeurs dont les cartes d\u00e9livr\u00e9es entre le 2 janvier 2004 et le 31 d\u00e9cembre 2013.<\/em><\/p>\n<p>N\u00e9anmoins, certains pays n\u2019acceptant pas les cartes d\u2019identit\u00e9 de plus de 10 ans, il vous est fortement recommand\u00e9 de privil\u00e9gier l\u2019utilisation d\u2019un passeport valide \u00e0 une Carte Nationale d\u2019identit\u00e9, portant une date de fin de validit\u00e9 d\u00e9pass\u00e9e, m\u00eame si elle est consid\u00e9r\u00e9e par les autorit\u00e9s fran\u00e7aises comme \u00e9tant toujours en cours de validit\u00e9.<br \/>\nSi vous voyagez uniquement avec votre Carte Nationale d\u2019identit\u00e9, vous pourrez <a href=\"http:\/\/www.interieur.gouv.fr\/Actualites\/L-actu-du-Ministere\/Duree-de-validite-de-la-CNI\" target=\"_blank\" rel=\"noreferrer noopener\">t\u00e9l\u00e9charger et imprimer une notice multilingue<\/a>\u00a0expliquant ces nouvelles r\u00e8gles.<\/p>\n<h2 class=\"wp-block-heading\">Comment l\u2019obtenir ?<\/h2>\n<p><strong>A compter du mardi 21 mars 2017,\u00a0<\/strong>les modalit\u00e9s de d\u00e9livrance des cartes nationales d\u2019identit\u00e9 seront align\u00e9es sur la proc\u00e9dure en vigueur pour les passeports biom\u00e9triques. Chaque usager pourra effectuer sa demande dans une des 32 communes du d\u00e9partement \u00e9quip\u00e9es d\u2019un dispositif de recueil d\u2019informations biom\u00e9triques.<\/p>\n<p style=\"text-align: center;\"><span style=\"color: #386eab;\"><span style=\"color: #333399;\"><strong>Service en ligne et formulaires de demande via le lien suivant : <\/strong><\/span><span style=\"color: #339966;\"><a style=\"color: #339966;\" href=\"https:\/\/www.service-public.fr\/particuliers\/vosdroits\/N358\" target=\"_blank\" rel=\"noopener\">https:\/\/www.service-public.fr\/particuliers\/vosdroits\/N358<\/a><\/span><\/span><\/p>\n<p style=\"text-align: center;\"><span style=\"color: #000000;\"><em><strong>Pour conna\u00eetre les mairies du secteur habilit\u00e9es \u00e0 d\u00e9livrer une carte d&rsquo;identit\u00e9, <\/strong><\/em><\/span><em><strong><span style=\"color: #e81764;\"><span style=\"color: #000000;\">rendez vous ici :<\/span><br \/>\n<a href=\"https:\/\/passeport.ants.gouv.fr\/Services-associes\/Ou-faire-ma-demande-de-passeport-CNI\">https:\/\/passeport.ants.gouv.fr\/Services-associes\/Ou-faire-ma-demande-de-passeport-CNI<\/a><\/span><\/strong><\/em><\/p>\n<p><img loading=\"lazy\" decoding=\"async\" class=\"size-medium wp-image-1046 aligncenter\" src=\"http:\/\/vailly74.fr\/wp-content\/uploads\/2019\/02\/cni-300x200.jpg\" alt=\"\" width=\"300\" height=\"200\" srcset=\"https:\/\/vailly74.fr\/wp-content\/uploads\/2019\/02\/cni-300x200.jpg 300w, https:\/\/vailly74.fr\/wp-content\/uploads\/2019\/02\/cni-768x512.jpg 768w, https:\/\/vailly74.fr\/wp-content\/uploads\/2019\/02\/cni-1024x683.jpg 1024w, https:\/\/vailly74.fr\/wp-content\/uploads\/2019\/02\/cni.jpg 1920w\" sizes=\"auto, (max-width: 300px) 100vw, 300px\" \/><\/p>\n","protected":false},"excerpt":{"rendered":"<p>Pour demander une carte d&rsquo;identit\u00e9, les pi\u00e8ces justificatives n\u00e9cessaires d\u00e9pendent de la situation : Majeur ou mineur ; Premi\u00e8re demande ou renouvellement ; Possession (ou non) d&rsquo;un passeport, etc. Les d\u00e9lais de fabrication d\u00e9pendent du lieu et de la p\u00e9riode<\/p>\n","protected":false},"author":1,"featured_media":0,"parent":1016,"menu_order":1,"comment_status":"closed","ping_status":"closed","template":"","meta":{"_mi_skip_tracking":false,"footnotes":""},"class_list":["post-1020","page","type-page","status-publish","hentry"],"_links":{"self":[{"href":"https:\/\/vailly74.fr\/index.php\/wp-json\/wp\/v2\/pages\/1020","targetHints":{"allow":["GET"]}}],"collection":[{"href":"https:\/\/vailly74.fr\/index.php\/wp-json\/wp\/v2\/pages"}],"about":[{"href":"https:\/\/vailly74.fr\/index.php\/wp-json\/wp\/v2\/types\/page"}],"author":[{"embeddable":true,"href":"https:\/\/vailly74.fr\/index.php\/wp-json\/wp\/v2\/users\/1"}],"replies":[{"embeddable":true,"href":"https:\/\/vailly74.fr\/index.php\/wp-json\/wp\/v2\/comments?post=1020"}],"version-history":[{"count":9,"href":"https:\/\/vailly74.fr\/index.php\/wp-json\/wp\/v2\/pages\/1020\/revisions"}],"predecessor-version":[{"id":5175,"href":"https:\/\/vailly74.fr\/index.php\/wp-json\/wp\/v2\/pages\/1020\/revisions\/5175"}],"up":[{"embeddable":true,"href":"https:\/\/vailly74.fr\/index.php\/wp-json\/wp\/v2\/pages\/1016"}],"wp:attachment":[{"href":"https:\/\/vailly74.fr\/index.php\/wp-json\/wp\/v2\/media?parent=1020"}],"curies":[{"name":"wp","href":"https:\/\/api.w.org\/{rel}","templated":true}]}}