{"id":1011,"date":"2019-02-13T10:33:47","date_gmt":"2019-02-13T09:33:47","guid":{"rendered":"http:\/\/vailly74.fr\/?page_id=1011"},"modified":"2022-09-07T14:00:26","modified_gmt":"2022-09-07T12:00:26","slug":"permis-de-construire","status":"publish","type":"page","link":"https:\/\/vailly74.fr\/index.php\/urbanisme\/permis-de-construire\/","title":{"rendered":"Permis de construire"},"content":{"rendered":"<p class=\"Style12\" align=\"left\"><span style=\"color: #000000;\">Le permis de construire est un acte administratif qui donne les moyens \u00e0 l&rsquo;administration de v\u00e9rifier qu&rsquo;un projet de construction respecte bien les r\u00e8gles d&rsquo;urbanisme en vigueur. Il est g\u00e9n\u00e9ralement exig\u00e9 pour tous les travaux de grandes importances.<\/span><\/p>\n<p><span style=\"color: #e81764;\"><strong>T<span style=\"color: #e81764;\">ravaux c<\/span>oncern\u00e9s<\/strong><\/span><img loading=\"lazy\" decoding=\"async\" class=\" wp-image-1897 alignright\" src=\"http:\/\/vailly74.fr\/wp-content\/uploads\/2019\/08\/001936909_620x393_c-300x190.jpg\" alt=\"\" width=\"256\" height=\"162\" srcset=\"https:\/\/vailly74.fr\/wp-content\/uploads\/2019\/08\/001936909_620x393_c-300x190.jpg 300w, https:\/\/vailly74.fr\/wp-content\/uploads\/2019\/08\/001936909_620x393_c.jpg 620w\" sizes=\"auto, (max-width: 256px) 100vw, 256px\" \/><\/p>\n<ul>\n<li><span style=\"color: #000000;\">Travaux cr\u00e9ant une nouvelle construction<\/span><\/li>\n<li><span style=\"color: #000000;\">Travaux sur une construction existante<\/span><\/li>\n<li><span style=\"color: #000000;\">Modification des structures porteuses ou de la fa\u00e7ade du b\u00e2timent, avec changement de destination<\/span><\/li>\n<li><span style=\"color: #000000;\">Modification sur un immeuble inscrit au titre des monuments historiques ou se situant dans un secteur sauvegard\u00e9.<\/span><\/li>\n<\/ul>\n<p><span style=\"color: #e81764;\"><strong>Affichage de l&rsquo;autorisation d&rsquo;urbanisme sur le terrain<\/strong><\/span><\/p>\n<p><span style=\"color: #000000;\">Le b\u00e9n\u00e9ficiaire d&rsquo;une autorisation d&rsquo;urbanisme (pour un permis de construire, une d\u00e9claration pr\u00e9alable de travaux, <em>etc.<\/em>) doit afficher sur son terrain un extrait de cette autorisation. L&rsquo;affichage se fait gr\u00e2ce \u00e0 un panneau qui doit contenir imp\u00e9rativement certaines informations. Ce panneau doit \u00eatre affich\u00e9 pendant toute la dur\u00e9e des travaux. Il sert de point de d\u00e9part aux tiers pour contester l&rsquo;autorisation d&rsquo;urbanisme.<\/span><\/p>\n<p><span style=\"color: #e81764;\"><strong>La d\u00e9claration d&rsquo;ouvert<span style=\"color: #e81764;\">ure de chantier<\/span> (DOC)<\/strong><\/span><\/p>\n<p><span style=\"color: #000000;\">C&rsquo;est un document qui permet de signaler \u00e0 la mairie le commencement de ses travaux et de vous attribuer un num\u00e9ro de rue. Elle concerne le b\u00e9n\u00e9ficiaire d&rsquo;un permis de construire ou d&rsquo;un permis d&rsquo;am\u00e9nager. <strong><em>Elle doit obligatoirement \u00eatre adress\u00e9e \u00e0 la mairie d\u00e8s le commencement des travaux !<\/em><\/strong><\/span><\/p>\n<p><span style=\"color: #000000;\"><em>Votre permis est p\u00e9rim\u00e9 si vous ne commencez pas les travaux dans les 3 ans ou si vous interrompez vos travaux durant plus d&rsquo;1 an. Vous pouvez toutefois demander le prolongement de votre permis.<\/em><\/span><\/p>\n<p><span style=\"color: #e81764;\"><strong>La d\u00e9claration attestant l&rsquo;ach\u00e8vement et la conformit\u00e9 des travaux (DAACT)<\/strong><\/span><\/p>\n<p><span style=\"color: #000000;\">Le titulaire d&rsquo;une autorisation d&rsquo;urbanisme (ou la personne qui a dirig\u00e9 les travaux, par exemple l&rsquo;architecte) doit adresser <strong>une d\u00e9claration attestant l&rsquo;ach\u00e8vement et la conformit\u00e9 des travaux<\/strong> (DAACT) \u00e0 la mairie pour signaler la fin des travaux. <strong>Cette d\u00e9claration est obligatoire pour les travaux ayant fait l&rsquo;objet d&rsquo;un permis de construire ou d&rsquo;am\u00e9nager ou d&rsquo;un d\u00e9p\u00f4t d&rsquo;une d\u00e9claration pr\u00e9alable de travaux.<\/strong><\/span><\/p>\n<p><span style=\"color: #e81764;\"><strong>Permis de construire modificatif<\/strong><\/span><\/p>\n<p><span style=\"color: #000000;\">Le b\u00e9n\u00e9ficiaire d&rsquo;un permis de construire ou d&rsquo;un permis d&rsquo;am\u00e9nager en cours de validit\u00e9 peut apporter des modifications \u00e0 celui-ci, sans avoir \u00e0 demander un nouveau permis . Pour cela, les modifications \u00e0 apporter doivent \u00eatre mineures. Ce permis ne constitue pas un nouveau permis.<\/span><\/p>\n<p><span style=\"color: #e81764;\"><strong>Transfert de permis de construire en cours de validit\u00e9<\/strong><\/span><\/p>\n<p><span style=\"color: #000000;\">Le transfert d&rsquo;un permis de construire ou d&rsquo;am\u00e9nager, en cours de validit\u00e9, \u00e0 une autre personne peut \u00eatre autoris\u00e9 par la mairie sous certaines conditions. La mairie dispose de 2 mois pour rendre sa d\u00e9cision. Le transfert du permis ne repose sur aucun fondement r\u00e9glementaire mais r\u00e9sulte d&rsquo;une pratique administrative, reconnue par la jurisprudence.<\/span><\/p>\n<blockquote>\n<p class=\"Style12\" style=\"text-align: center;\" align=\"left\"><strong><span style=\"color: #000000;\">Plus d\u2019informations et documents CERFA t\u00e9l\u00e9chargeables sur :<\/span> <\/strong><span style=\"color: #386eab;\"><span style=\"color: #0000ff;\"><a style=\"color: #0000ff;\" href=\"https:\/\/www.formulaires.service-public.fr\/gf\/cerfa_13409.do\" target=\"_blank\" rel=\"noopener\">https:\/\/www.service-public.fr\/particuliers\/vosdroits\/N319<\/a><\/span><\/span><\/p>\n<\/blockquote>\n","protected":false},"excerpt":{"rendered":"<p>Le permis de construire est un acte administratif qui donne les moyens \u00e0 l&rsquo;administration de v\u00e9rifier qu&rsquo;un projet de construction respecte bien les r\u00e8gles d&rsquo;urbanisme en vigueur. Il est g\u00e9n\u00e9ralement exig\u00e9 pour tous les travaux de grandes importances. Travaux concern\u00e9s<\/p>\n","protected":false},"author":1,"featured_media":0,"parent":648,"menu_order":2,"comment_status":"closed","ping_status":"closed","template":"","meta":{"_mi_skip_tracking":false,"footnotes":""},"class_list":["post-1011","page","type-page","status-publish","hentry"],"_links":{"self":[{"href":"https:\/\/vailly74.fr\/index.php\/wp-json\/wp\/v2\/pages\/1011","targetHints":{"allow":["GET"]}}],"collection":[{"href":"https:\/\/vailly74.fr\/index.php\/wp-json\/wp\/v2\/pages"}],"about":[{"href":"https:\/\/vailly74.fr\/index.php\/wp-json\/wp\/v2\/types\/page"}],"author":[{"embeddable":true,"href":"https:\/\/vailly74.fr\/index.php\/wp-json\/wp\/v2\/users\/1"}],"replies":[{"embeddable":true,"href":"https:\/\/vailly74.fr\/index.php\/wp-json\/wp\/v2\/comments?post=1011"}],"version-history":[{"count":15,"href":"https:\/\/vailly74.fr\/index.php\/wp-json\/wp\/v2\/pages\/1011\/revisions"}],"predecessor-version":[{"id":4519,"href":"https:\/\/vailly74.fr\/index.php\/wp-json\/wp\/v2\/pages\/1011\/revisions\/4519"}],"up":[{"embeddable":true,"href":"https:\/\/vailly74.fr\/index.php\/wp-json\/wp\/v2\/pages\/648"}],"wp:attachment":[{"href":"https:\/\/vailly74.fr\/index.php\/wp-json\/wp\/v2\/media?parent=1011"}],"curies":[{"name":"wp","href":"https:\/\/api.w.org\/{rel}","templated":true}]}}